 -0*v - v + 2, 0 = y + f*v - 715. Is y a prime number?
False
Let l = 88 - 86. Suppose -2*z + 1667 + 2973 = l*v, -2*z + 6961 = 3*v. Is v composite?
True
Is (-15)/(-35) + 774/7 prime?
False
Let h be 5/(-20) + (-2793)/12. Let s = h - -354. Is s a composite number?
True
Let t = -5041 + 14090. Is t composite?
False
Suppose 5*d - 4 = 3*d. Let y(p) = -p + 6. Let h be y(d). Suppose -k = -h*k + 2631. Is k composite?
False
Suppose 3*g + 2995 = 27436. Is g composite?
False
Let u = 6 + -4. Suppose 4*f = -12, 0*r + u*f + 385 = r. Suppose 0 = -l + t + r, -l = l - 3*t - 756. Is l a prime number?
False
Let j = -3676 + 9033. Is j a composite number?
True
Let h = -3 + 4. Let b be h/((12/224)/3). Suppose g - 169 = -b. Is g a composite number?
False
Let l be ((-176)/55)/((-1)/(-5)). Is l/6*(-636)/16 prime?
False
Let y = -24 - -28. Suppose 0*x + y = x. Suppose 5*n = -x*a + 1848, a - 455 = -4*n + n. Is a a composite number?
False
Let a(v) = -172*v**3 + 5*v**2 - 2*v + 12. Is a(-5) a composite number?
False
Let w be (-14)/(-3)*93/62. Let k(b) = b**2 - 6*b + 6. Is k(w) a prime number?
True
Suppose 6*r = 29 - 5. Is r + 11 + (-8)/2 composite?
False
Suppose 2*r - 2 = -6. Let h(i) be the first derivative of -i**4/4 + i**3 + i**2 - 2*i + 14. Is h(r) composite?
True
Let l be (-3 + 0)/(-1)*4/3. Is l - ((-3725)/5 + 4) prime?
False
Suppose -2*o = 3*o - 15. Suppose 4*b - 5*n + 3 = 0, -1 + 4 = -o*b + 4*n. Suppose -b*k + 4 = 1, 2*m - 699 = -5*k. Is m composite?
False
Let t(a) = 0*a + 2*a - a**2 - 7*a + 1. Let z be t(-4). Suppose n - 4*s - 101 = 0, z*s = 4*n - n - 324. Is n a composite number?
False
Let b = 13 + -10. Let w = b - 3. Suppose -5*d - 2*l + 785 = 0, d + 7*l - 2*l - 157 = w. Is d a prime number?
True
Let j be (-3 + 2)*4 - 2. Is (j - -10) + 19/1 a composite number?
False
Suppose 4*o + 170 = 5*a, -5*a + 0*a = 5*o - 125. Let f be (a/(-20))/(6/(-16)). Suppose -5*d - 2*h = -1123, 0 = -d + 3*d - f*h - 430. Is d prime?
True
Let y = 16 - 8. Suppose n + 5*h - h = -y, 10 = n - 5*h. Suppose d = -u - 0*u + 219, n = -3*d + 5*u + 657. Is d a prime number?
False
Let s(y) = -3878*y - 181. Is s(-7) a composite number?
True
Suppose -d = k - 232 - 574, 4*d + 781 = k. Suppose k = 2*t - 133. Is t composite?
False
Is 30/(-6) + (129 - 3) composite?
True
Suppose 2*j - 4*v + 2 = 0, 4*v + 1 = 2*j + j. Let s(h) = -h + 7. Let i be s(j). Suppose -4*a = -i*x - 308, -4*a + 5*x = 7*x - 320. Is a composite?
False
Suppose -7*v + 10*v - 18 = 0. Suppose y + v = -3*f, 3*f = 3*y - y - 15. Suppose 3*o - 444 = -y*z, -z = -4*o - 85 - 68. Is z composite?
False
Suppose 4*b - 63 = 3*q, 5*b - 3*b + q - 39 = 0. Let m be 2 - b/((-1)/1). Suppose -l - 5 + m = 0. Is l prime?
False
Suppose -5*b + 27967 = 4*w, -3792 = -3*b - 3*w + 12990. Is b a composite number?
False
Suppose -5*d = -2*g - 681503, -g - 272602 = 2*d - 4*d. Is d composite?
True
Let q(u) be the first derivative of 2*u**3 - 3*u**2/2 + 2*u - 5. Let h be q(1). Suppose -81 = -a - s, -413 = -h*a - 3*s - 0*s. Is a composite?
True
Suppose -65 = 8*p - 9*p + x, -3*p - x = -211. Is p a composite number?
True
Let m(h) be the second derivative of 9*h + 7/12*h**4 + 0 + h**2 + 1/3*h**3. Is m(3) a composite number?
False
Suppose 4*p - 37 = -37. Let u be (-34)/(-10) - 4/10. Suppose 0 = 2*j - p*j + 5*m - 17, 0 = u*j - m - 68. Is j composite?
True
Let b = -188 + 323. Let h(z) = -4 - 2 + b*z + 3. Is h(2) a prime number?
False
Suppose -813 - 5270 = -11*m. Is m prime?
False
Suppose 8 - 16 = a. Is 298*(-4)/a*1 a prime number?
True
Let m(l) = 9*l**2 - 8*l - 9. Let q(j) = 19*j**2 - 15*j - 19. Let f(b) = 5*m(b) - 2*q(b). Is f(-10) composite?
True
Suppose 27809 = 5*s - 137*r + 140*r, -s = -4*r - 5571. Is s composite?
False
Let m(l) be the third derivative of -l**4/24 + 187*l**3/6 + 19*l**2. Is m(0) prime?
False
Let h = -20 + 18. Let i = h + 7. Is (i*-1)/(9/(-369)) composite?
True
Is (-8689)/(-3) - 4*(-2)/12 a composite number?
False
Let u(b) = 2*b + 22. Let g be u(-10). Suppose 18203 = 5*d - 2*j, -3*j + g = -j. Is d a composite number?
True
Let r = 1231 + 2407. Suppose -3*p + o = -r, -3*p = -3*o + o - 3637. Is p prime?
True
Let a(f) = 7573*f - 2. Let y be a(2). Is (-3 - 18/(-8))/((-6)/y) a prime number?
False
Let c be (8/16)/(1/(-2)). Is (c - -4)/((-6)/(-1006)) a composite number?
False
Suppose 0 = 4*z + z + 3*p - 25, 3*z - 26 = -4*p. Suppose -5*y - z*h + 3*h = -1971, -h + 1979 = 5*y. Suppose -8*t + y = -3*t. Is t a composite number?
False
Is (10804/(-6))/(12/9 - 2) a composite number?
True
Let g = -1 - -4. Let t(l) = -4*l + g - 2 - 3. Is t(-9) prime?
False
Let v(f) = f**3 + 12*f**2 + 5*f - 8. Let s be v(-9). Suppose 6*q - 380 = s. Is q prime?
False
Let m(i) = 8791*i + 135. Is m(2) a composite number?
True
Suppose 2*q + 528 = 6*q. Let f = -22 + q. Suppose l - f = -l. Is l a prime number?
False
Let h(q) = 2*q**3 - 5*q**2 + 2*q + 4. Let f be h(2). Suppose 9*i = f*i + 3585. Is i composite?
True
Suppose 20531 + 76258 = 33*j. Is j composite?
True
Suppose 6 - 5 = -q. Is q + 4 + -7 - -407 composite?
True
Let b(w) = w - 7. Let p be b(8). Let m(n) = 12*n**3 + 1. Is m(p) a composite number?
False
Let k(l) = 2*l + 9. Let g be k(-2). Suppose 2*b + 5*x = 15711, 49434 = g*b + 2*x + 10167. Is b prime?
True
Is ((-157720)/16)/((-5)/4) a prime number?
False
Let d = 588 + 973. Is d a composite number?
True
Suppose 7*i - 23016 = 56441. Is i a composite number?
False
Suppose 28 = -55*d + 62*d. Is 2743/4*(0 - -8 - d) composite?
True
Suppose -4*k + 5*n + 4263 = 0, 4*n = -0*k - k + 1071. Is k a prime number?
False
Suppose 643346 = 3*i + 19*i. Is i composite?
False
Suppose 2*y = 2*x + 1828, -3*x - 1 = 8. Is y a composite number?
False
Let n = -8 + 11. Suppose -5*k = -n*t - 2*k + 228, 5*t = 2*k + 383. Suppose 0 = 11*x - 12*x + t. Is x a composite number?
True
Suppose -2*u = 3*r - 1, 6*r - 3*r - 25 = 4*u. Suppose r*k - 4*k - 21 = 0. Is (-14)/k - 229/(-3) a prime number?
False
Let x = 302 + -117. Let h(y) = y**3 - 4*y**2 + 4*y + 1. Let l be h(3). Suppose -l*q + 4*m + 183 + x = 0, 4*m - 360 = -4*q. Is q a composite number?
True
Let h be 22/22 + (0 - 587). Is (2 - 5)/(1178/h - -2) a composite number?
False
Suppose -276 = -4*f - 3*u - u, 0 = 2*f - 4*u - 156. Suppose 23 = -o - 5*k + 3*k, 3*o + 65 = -2*k. Let b = f + o. Is b composite?
True
Suppose o + 16 = 3*n - 14, 2*n = 4*o + 30. Suppose -n*u + 38 = -7*u. Suppose -90 = -j + u. Is j composite?
False
Suppose -5*z + 14 = 5*y - y, 4*y = z + 2. Suppose -2*j - 1 = 1, -2*j = -z*t + 1078. Is t a prime number?
False
Let g(f) = f + 1. Let p be g(-6). Let l be (-11671)/p + 2/(-10). Suppose -2*r + l = 4*r. Is r prime?
True
Let l(x) = -x**2 + 10*x - 17. Let n be l(5). Is (n + 1399)*(-3)/27*-3 a composite number?
True
Let j be 92 - 1*(-4 + 3). Suppose -2*x + j = x. Suppose -31 - x = -2*n. Is n a prime number?
True
Let h = -92 - -221. Let k = 61 - h. Is k/6*63/(-6) composite?
True
Suppose 14*m - 208 = 18*m. Let x = m - -141. Is x a prime number?
True
Is (28/3 - 9)/(1/117966) a composite number?
True
Suppose -5*a + 207071 = u, -213085 = -5*a + u - 6016. Is a composite?
True
Let n be 39/2 - 11/22. Let q = 31 - n. Suppose 0 = 3*k + 3*s - 0*s - 624, 4*s = -q. Is k a prime number?
True
Let n = 23 + 399. Is (-80)/60 - n/(-6) a composite number?
True
Suppose -25*b - 14788 = -23*b. Let s = -2137 - b. Is s a prime number?
False
Suppose -5*r - g + 55 = 4*g, -4*r + 3*g + 30 = 0. Suppose r*p - 6*p = 633. Is p prime?
True
Suppose -3*x + r + 10332 = -23413, -r + 2 = 0. Is x composite?
True
Suppose -3*y + 8*b - 10*b + 16769 = 0, 5*b - 5581 = -y. Is y a composite number?
False
Let p(b) = 302*b + 22. Let h be p(5). Suppose 0 = 4*z + 5*f - 6832, 3*z - 3585 = -2*f + h. Is z a composite number?
True
Let j(s) = 0*s**2 + 4*s**2 + 7*s + 8 - 12. Let y = -8 - -13. Is j(y) a composite number?
False
Suppose 21003 = 5*l - v, 136*l - 12609 = 133*l - 3*v. Is l prime?
True
Let v(d) = -2*d - 8. Let a be v(-8). Let r(o) = o**2 + 11*o**2 - o**3 - 7 - 3*o**2 + 11*o. Is r(a) composite?
True
Let g(f) = -f**3 + 3*f**2 - 2*f + 441. Let p(r) = -r**2 + r - 1. Let v(z) = g(z) + 4*p(z). Let d be v(0). Let n = d + -200. Is n composite?
True
Let g(u) = -745*u + 10. Let c be g(-2). Suppose 3*m + 5*y + 1285 = -843, 3*m - 4*y + 2083 = 0. Let k = m + c. Is k a prime number?
False
Suppose 29*s - 37*s = -27256. Is s compo